t is the tens digit of r?
4
Suppose l - 37309 - 3854 = -m, 0 = l + 5*m - 41175. What is the tens digit of l?
6
Let a = 29 - 98. Let v = a - -79. What is the units digit of (8*v - -2)/(1 + 1)?
1
Let r(y) = y**3 + 23*y**2 - 55*y - 31. What is the thousands digit of r(-16)?
2
Suppose -4*n - 152 = -0*n - 4*v, 4*v = 0. Let q = 35 + n. What is the units digit of q/(2/(-2)) - (3 + -97)?
7
Let k(b) be the second derivative of b**5/20 + 23*b**4/12 - 91*b**3/6 - 14*b**2 - 114*b. What is the hundreds digit of k(-26)?
3
Suppose 1762*f = 1774*f - 55284. What is the hundreds digit of f?
6
Suppose 21*k = 9824 - 1613. Let p(g) = 69*g + 1. Let o be p(-4). Let q = o + k. What is the units digit of q?
6
Let w(k) = -k**3 + 7*k**2 - 12*k + 6. Let j be w(4). Suppose 0 = 5*d + 2*i - 1793, -j*d - 3*i = -2*d - 1440. What is the units digit of d?
7
Let b be 5/((-25)/(-20)) + 628. Let y = -370 + b. What is the hundreds digit of y?
2
Suppose -5*a - 11173 = -2*o, -22631 = -5*o + 5*a + 5279. What is the tens digit of o?
7
Let f(s) = -12*s - 11. Let n be f(-2). Suppose -2*j - n = 3*r, -r + 4 + 0 = -j. What is the units digit of (j/2)/((-3)/42)?
5
Suppose m - 8749 = -5*h, 248*m = 252*m + 4*h - 35092. What is the tens digit of m?
7
Suppose 122*j - 877898 = 361378. What is the hundreds digit of j?
1
Let r = 16171 + -10016. What is the units digit of r?
5
What is the tens digit of -74 + 73 + (-13794)/(-2)?
9
Suppose 0 = -26*g + 24*g - 82. What is the hundreds digit of (g/(-4))/(5*(-7)/(-1400))?
4
Let c = -1414 + 4827. What is the hundreds digit of c?
4
Suppose 2*x = -2*t - 2*x - 10, -5*t - 5*x = 50. Let g = t - -23. Let d(o) = o**2 + 4*o - 14. What is the units digit of d(g)?
2
Let m be 3*(3/(-6))/(6/(-232)). Let s be (1 + 2)/(m/32 - 2). What is the units digit of ((-41)/(-4) - 12/s) + -3?
8
What is the thousands digit of 1582 - (6 - (-11 - -24))?
1
Suppose 3*v + 3*a - a = 6642, 5*v = -2*a + 11078. What is the thousands digit of v?
2
Let j be (-586)/2 + 0 + 3. Let q = -253 + -225. Let u = j - q. What is the hundreds digit of u?
1
Suppose 11*s - 27 - 17 = 0. What is the tens digit of (1252/(-6))/(s/(-12))?
2
Let h(r) = -80*r + 21. Let m be h(-18). What is the hundreds digit of m/4 - (-14)/(-56)?
3
Let o = -8 + 16. What is the units digit of 873/4 - 2/o?
8
Let l(r) = -5*r - 33. Let v be l(0). Let n be (-408)/(-66) + 6/v. Let p(x) = 6*x - 21. What is the units digit of p(n)?
5
Let v be ((-92)/(-138))/(1/(-12)). What is the tens digit of (-9 + (-44)/v)*(-94 + 0)?
2
Let r(q) = q**3 - 25*q**2 + 23*q + 21. Suppose -2*l + 36 + 12 = 0. Let f be r(l). What is the hundreds digit of 148 + (f/6 - (-3)/(-6))?
1
Let u = -1247 + 1281. Suppose -33 = h + p - 134, p = -4*h + 407. Let v = h - u. What is the tens digit of v?
6
Suppose d - s = -3, 5*s = 3*d + s + 12. Suppose -5*n + 360 - 1470 = -4*r, -n + 2 = d. What is the units digit of r?
0
Let j(t) = t**3 - 18*t**2 - 19*t. Let u be j(19). Suppose -3*a + 12*a - 18 = u. Suppose 1 = -2*z + n, 0 = -3*z - 5*n + a*n + 21. What is the units digit of z?
2
Let v be -6 + 8 + -2 + 3. Suppose 0 = 2*p - i - 236, -v*i + 56 + 426 = 4*p. What is the tens digit of p?
1
Let v(l) = 7*l**2 + 37*l + 133. Let h(p) = 8*p**2 + 36*p + 136. Let f(x) = 6*h(x) - 7*v(x). What is the hundreds digit of f(-26)?
3
Let q = -1554 - -1512. Let h = -27 - 22. Let r = q - h. What is the units digit of r?
7
Suppose 2794*f = 2758*f + 283716. What is the thousands digit of f?
7
Suppose 42*j - 37*j = -20, -k - 3*j + 20681 = 0. What is the tens digit of k?
9
Let y(i) = 3*i**2 - 4 + 46*i + 47*i + 47*i + 45*i - 180*i. Let v be 36/(-8) + (-1)/(-2). What is the units digit of y(v)?
4
Suppose 10*u - 121 = -161. What is the tens digit of u + (-25)/(100/(-2616))?
5
Suppose -2*y = -4*n + 4189 + 3245, n - 1871 = -2*y. Let b = n + -14. What is the tens digit of b?
4
What is the tens digit of -825*((3 - 70/21) + -1)?
0
Suppose -4*k = -95861 + 7417. What is the tens digit of k?
1
What is the thousands digit of (132425/(-125))/((-10)/50)?
5
Let i = -39 - -54. Suppose 4*w = w + i. Suppose 587 = w*p - 4*t - 23, t = 5. What is the units digit of p?
6
Let c = -3777 + 5246. What is the tens digit of c?
6
Let c be (-2)/(-2) - (-90 - -1). Suppose 4*b - 114 = -c. What is the units digit of b?
6
Suppose 7 + 19 = 2*w - 2*m, 37 = 4*w - m. Suppose -2*y + 10 = 0, -3*y = 2*g - w - 7. What is the units digit of g + 2 - (-101 - -3)?
0
Suppose y = 0, -5*h - 4*y - 1373 - 482 = 0. Let f = -566 - h. What is the units digit of -2*(1 + f/10)?
7
Let u(r) = r**3 - 22*r**2 + 27*r + 13. Let o be u(18). Let x = -280 - o. What is the tens digit of x?
1
Let l = 1089 - 1549. Let z = -94 - l. What is the tens digit of z?
6
Suppose 3*y + 3*n = 15, y + 4*n - 4 - 7 = 0. Suppose 3*w - s - 208 = 139, -5*w - y*s + 597 = 0. What is the units digit of w?
7
Suppose 0 = -4*x - 5*c - 1134007, -5 = c - 2. What is the tens digit of (-6)/11 - x/253?
2
What is the hundreds digit of (2340/(-210))/((-2)/630)?
5
Let q = 9986 - 5259. What is the hundreds digit of q?
7
Let k = 52964 + -29881. What is the hundreds digit of k?
0
Let q = -18272 + 26361. Suppose -27*l = -q - 1604. What is the hundreds digit of l?
3
Suppose 13*z - 15*z = -2656. Let n = z - 833. Suppose 8*f = -3*f + n. What is the units digit of f?
5
Let t = 143 + -141. Suppose 2920 = 4*z + t*s, 8*z - 2920 = 4*z - 5*s. What is the units digit of z?
0
Let y be 98/(-7) - (-1 - -2). What is the units digit of ((-1371)/15)/((-3 + 6)/y)?
7
Let x(y) = -y**2 - 8*y + 24. Let i be x(-10). Let d(w) = i*w + 8 - 2*w - w**2 + 3*w**2 + 2*w. What is the units digit of d(-9)?
4
Let c = -15 - -19. Suppose 0 = 4*t + 3*k - 19, 2*t - 11 = -c*k + 1. Suppose -2*a = -t*x - 160, 2*a + 3*x = 252 - 71. What is the units digit of a?
6
Suppose -j + 45080 = -4*z, 2*z = 62*j - 66*j + 180230. What is the hundreds digit of j?
0
Suppose -109390 + 2651 = -130*z + 143511. What is the hundreds digit of z?
9
Let j(a) = a**3 - 17*a**2 + 15*a + 12. Let o(d) = -d**2 - 12*d - 11. Let b be o(-9). Let h be j(b). What is the units digit of 1/(229/57 + h)?
7
Let y be (-3)/(-6) - (-805)/(-10). Suppose -3*r - 2*r + 5*g - 150 = 0, 5*r - 2*g = -144. Let t = r - y. What is the tens digit of t?
5
What is the tens digit of 11 - (-28718 + (-12)/6)?
3
Let s(h) = 4*h - 5 + 0*h - 3*h - 6. Let t be s(8). What is the units digit of t/9 - (-309)/9?
4
Let w(z) = 14*z**3 + 6*z**2 - 8*z + 20. Let c be w(4). What is the tens digit of c + (0 + (-5)/15)*-12?
8
Let o be (-8)/20 - 27/(-5). Suppose -o*j = -0*j - 35. Suppose -352 = j*h - 1346. What is the tens digit of h?
4
Let c(g) = -67*g - 3. Let t(x) = -184*x - 22. Let i(h) = 1. Let r(m) = 28*i(m) + 2*t(m). Let z(o) = 28*c(o) - 5*r(o). What is the units digit of z(-2)?
8
Suppose 3 + 9 = 4*r. Suppose -7*f = r*f - 30. Suppose 5*p - 3*k - 5 = 380, f*p - 231 = 5*k. What is the units digit of p?
7
Let o = -79688 + 124673. What is the tens digit of o?
8
Suppose 0 = -4*q - 5*h + 8097, -5*h - 3438 = -4*q + 4609. What is the hundreds digit of q?
0
Let m = -21 - -23. Suppose 5*w = -20, -2*v + m*w = v - 350. Suppose s - v = -32. What is the units digit of s?
2
Suppose -14*x - 8988 = -32816. What is the thousands digit of x?
1
Let z(j) = -37*j**3 - 13*j**2 + 63*j + 571. What is the units digit of z(-11)?
2
What is the thousands digit of 306/1428 - (-209235)/42?
4
Let w(v) = v**3 + 9*v**2 - 9*v - 12. Suppose -58 = 3*i + u, 0 = -3*i - 3*u + 8*u - 52. Let g = -27 - i. What is the units digit of w(g)?
4
Suppose -109*a = 211*a - 112*a - 7431008. What is the ten thousands digit of a?
3
Let g(l) = -7*l**3 - 7*l**2 + 18*l + 502. What is the hundreds digit of g(-12)?
3
Suppose -a - 12 = -3*p + 58, 2*a + 4*p + 100 = 0. Suppose 0 = 6*z + 312 + 282. Let k = a - z. What is the units digit of k?
1
Suppose 0 = -4*d - 3*n + 6*n - 195, -4*d + 2*n - 198 = 0. Let i be 3/5 + d/(-60)*4. Suppose i*k = 19*k - 165. What is the tens digit of k?
1
Let k(q) be the third derivative of -15*q**2 - 1/3*q**3 + 0 + 0*q - 127/24*q**4. What is the units digit of k(-1)?
5
Suppose 9284 + 4704 = 13*i. What is the hundreds digit of i?
0
Let f(w) = -9*w - 49. Let y be f(-6). Suppose 3*c = -4*s - 0*s + 3606, 0 = y*s + c - 4513. What is the tens digit of s?
0
Let u(j) = -j**2 - 8*j + 8. Let m be u(-9). Let l = 23 + m. Suppose -n - l = -123. What is the